 divisor of s and 80.
16
Suppose -3*d - 4*n = -34, -4*d + 4*n = -0*d - 36. What is the highest common divisor of d and 70?
10
Suppose 870 = 34*j - 184. Let g(f) = 18*f + 3. Let t be g(5). Calculate the highest common factor of t and j.
31
Suppose -2*s = 2*s. Let y be 1/(3/27 + s). Calculate the greatest common divisor of y and 72.
9
Suppose 54 = 6*u - 78. What is the highest common factor of u and 110?
22
Let n(z) = -3*z - 3. Let b be n(-7). What is the highest common divisor of 126 and b?
18
Suppose 4*o + 74 = 26. Let b be 6/o*3*-34. What is the greatest common factor of 17 and b?
17
Suppose -2*z - 2 = -3*z. Let g be (-1 + 0)/(z/(-24)). What is the greatest common factor of g and 72?
12
Let k(y) = -5*y - 5. Let c be k(-19). Suppose -u = -0*u - 10. Calculate the greatest common divisor of u and c.
10
Let w(a) = -a**2 - 5*a. Let f be w(-6). Let o be (3 + -1 + f)*-8. What is the greatest common divisor of o and 8?
8
Suppose 0 = -5*s + 17 + 23. Let x be s/(-44) + (-145)/(-11). Calculate the highest common divisor of 117 and x.
13
Suppose 5*i = -46 + 211. Suppose 5*b = 3*b + 22. Calculate the highest common factor of i and b.
11
Suppose -y + 3*v = 10, 3*y = -0*y + v + 10. What is the highest common factor of 15 and y?
5
Let x be 3/((-12)/16) - -69. Calculate the highest common divisor of x and 26.
13
Suppose 0 = 5*l - 903 + 103. What is the greatest common divisor of l and 20?
20
Let t = 50 - 90. Let n be ((-9)/4)/(15/t). What is the highest common factor of 15 and n?
3
Suppose -z + 8*z - 406 = 0. Calculate the greatest common divisor of z and 87.
29
Let l(i) = 23*i**2 + 4*i + 3. Let a be l(-3). Suppose a + 90 = 6*p. What is the greatest common divisor of p and 12?
12
Let q(b) = -21*b - 9. Let n be q(-11). Suppose 0 = -3*g - n + 915. Calculate the highest common divisor of g and 21.
21
Suppose -3*q + 106 = -2*k - 113, -q - 4*k + 87 = 0. What is the greatest common divisor of q and 30?
15
Let s be 6/(3 + 27/(-12)). Suppose 0*x + s = 4*x. Suppose -2*h - 2*h - 3*r = -20, 2*r - 25 = -5*h. What is the highest common divisor of x and h?
1
Let t = -38 + 68. Calculate the greatest common divisor of 45 and t.
15
Suppose 5 = -4*c + 17. Suppose 6 + 1 = -t + 5*i, -c*t = 4*i - 17. What is the highest common divisor of 3 and t?
3
Let m be (1 + -3)/((-623)/(-126) + -5). What is the highest common factor of 54 and m?
18
Suppose -11 = 5*x - 26. Let r(b) = -3 - b - 2*b + 11*b. Let m be r(3). Calculate the greatest common factor of x and m.
3
Let x(r) = -r**3 - 11*r**2 - 5*r + 15. Let f be x(-11). Let i be 0 - 8*-2 - 2. What is the highest common factor of f and i?
14
Let o(i) = i**2 + 7*i - 3. Let y be o(-8). Suppose -3 = -y*g + 2. What is the greatest common factor of g and 7?
1
Let v be 2/(-2) + 9 + 4. What is the highest common factor of v and 96?
12
Let h(d) = d**2 + d + 1. Let q be h(2). Suppose q = 3*i - 8. Calculate the greatest common factor of 40 and i.
5
Let q be 26/7 + 8/28. Suppose 0 = 2*x - 3*z - z - 28, x + q*z = -4. What is the highest common divisor of 32 and x?
8
Let w(f) = -f**3 - 3*f**2 + 5*f + 5. Let k be w(-4). Calculate the highest common factor of 1 and k.
1
Let k(z) = 2*z + 42. Let i be k(9). What is the highest common factor of i and 12?
12
Suppose 5*f - 10*f - 15 = 0. Let y(p) = p**3 + 6*p**2 - p + 2. Let a be y(f). What is the highest common divisor of 16 and a?
16
Let w(c) = c**3 + 4*c**2 - 5*c - 3. Let u be w(-5). Let k(t) = t**3 + 4*t**2 + 2*t. Let q be k(u). Calculate the greatest common factor of 3 and q.
3
Suppose -v - 5 = 0, 3*a = -v + 3*v + 298. Suppose 0 = 3*z + z - a. Calculate the highest common divisor of 4 and z.
4
Suppose 18 = 4*j + 3*s, 0*j - 3*j = 3*s - 15. Let f be j/2*60/9. Let i = 179 - 89. Calculate the highest common divisor of f and i.
10
Let k = 22 - 21. Let s(o) = o**2 + 6*o. Let n be s(-7). Calculate the greatest common factor of k and n.
1
Suppose 6*v - 50 = v. Calculate the highest common divisor of v and 20.
10
Let h(d) = -d + 1. Suppose 0*i - 15 = 5*i. Let l be h(i). What is the highest common divisor of 28 and l?
4
Let q be (-4)/((-16)/2 - (-7 - -3)). What is the greatest common divisor of 2 and q?
1
Let p(f) = 4*f - 2. Suppose -4 = 4*s + 4. Let x be p(s). Let r = 0 - x. Calculate the greatest common factor of 5 and r.
5
Let m(d) = 6*d - 2. Let p be m(2). Let j be 0 + (1 - (-12)/3). Calculate the greatest common divisor of p and j.
5
Suppose 3*s - 258 = -4*t, -4*t = -0*t + s - 262. Let d = 3 - 0. Suppose 0*z + d*z - 66 = 0. What is the highest common divisor of t and z?
22
Suppose -t + 14 = 5*a, 0 = 3*t - 5*a - 74 - 8. Calculate the greatest common divisor of 60 and t.
12
Let g(a) = -18*a + 1. Let n(c) = 35*c - 2. Let z(m) = -11*g(m) - 6*n(m). Let r be z(-1). Calculate the highest common divisor of r and 39.
13
Let q(a) be the first derivative of -a**2/2 - 4*a - 3. Let u be q(-5). Suppose -4*v + 14 = -4*l - 6, 0 = l - u. What is the highest common divisor of 54 and v?
6
Suppose 4*c + 5*q + 7 = 0, 2*c - 9 = 5*c + 5*q. Suppose -4*h - 4*v + 16 = 0, -14 = -5*v + 1. Calculate the greatest common divisor of c and h.
1
Let f be 12/(-10)*(-10)/3. Let g = f + -3. Let z = g + 2. What is the greatest common divisor of 15 and z?
3
Let h = 1 - -3. Suppose 0 = i - 3*z - 6, -h*z = -5*i + 26 - 7. Let l = 2 - -1. Calculate the greatest common factor of l and i.
3
Suppose -r - 92 = -20. Let s be ((-4)/2)/((-4)/(-214)). Let n = r - s. What is the highest common factor of 7 and n?
7
Let u = 30 - 17. Let h = u - 2. What is the highest common divisor of 11 and h?
11
Suppose 0 = 4*i - 97 + 13. Calculate the highest common divisor of 7 and i.
7
Let g = 7 - 7. Suppose 2*n + g = 6. Calculate the highest common factor of 6 and n.
3
Let t be (6/(-4))/(1/(-2)). Let g be (12/10)/((-45)/25 - -2). Let f be -2 - t*(-28)/g. Calculate the greatest common factor of 108 and f.
12
Suppose -4*x + 4*t = x - 6, 2*x = 3*t + 1. Suppose 0 = -x*p + 11 + 13. Let d(s) = -s + 13. Let a be d(10). What is the greatest common divisor of a and p?
3
Let j = 31 + -10. Let c be ((105/2)/(-7))/((-2)/28). What is the greatest common divisor of c and j?
21
Let b be (-36)/(-15)*(-1 - 532/(-12)). What is the greatest common factor of b and 8?
8
Let f(p) = -2*p - 7. Let c be f(-5). Calculate the highest common divisor of c and 39.
3
Let t = 13 + -10. Suppose 3*q - 12 - 15 = t*k, q = -3*k + 21. What is the greatest common divisor of 48 and q?
12
Let h be (-1)/2 - 9/(-6). Suppose -2*s = h - 45. Suppose -9*k + 44 = -5*k. Calculate the greatest common divisor of s and k.
11
Suppose 0*z = z. Suppose -2*h = -z*h + s - 83, -203 = -5*h - s. What is the greatest common divisor of h and 20?
20
Let d be (3/6)/(2/4). Let w = d + 2. Calculate the greatest common factor of 24 and w.
3
Let p(t) = t**3 - 11*t**2 - 10*t. Let g be p(12). What is the highest common factor of g and 72?
24
Let b(o) = 40*o - 1. Let x be b(10). What is the greatest common divisor of 21 and x?
21
Let i(l) = -l**2 + 9*l - 5. Suppose 0*q - 2*q + 14 = 0. Let o be i(q). Let z = 19 + -1. Calculate the greatest common factor of z and o.
9
Suppose -4*r = 5*v + 12, 5*v + 3 = -5*r - 7. Let m be (-10)/(r/(-1)) + 2. Calculate the greatest common factor of m and 14.
7
Suppose 7*g = 101 - 31. Calculate the highest common divisor of g and 80.
10
Let c(g) = -10*g**3 - 3*g**2 - 2*g. Let f be c(-2). Let a be 120 - 4*4/8. Let m be a/14 + 3/(-7). What is the greatest common divisor of m and f?
8
Let i = -39 + 61. What is the highest common factor of 33 and i?
11
Let g(z) = 4*z - 4. Let r(s) = -s**3 + 8*s**2 - 6*s - 2. Let p be r(7). Let m be g(p). Let b = 73 + 39. What is the highest common divisor of m and b?
16
Let l be (-1)/(3 + (-104)/34). Let s = 49 - l. Calculate the highest common factor of 48 and s.
16
Suppose 11 = 4*j - w + 4*w, 3*w = 2*j - 1. Suppose 5*p - 3*a = 44, -j*p - 3*p - 5*a + 60 = 0. Calculate the greatest common factor of p and 20.
10
Suppose -13*l + 9*l + 432 = 0. Calculate the highest common divisor of 12 and l.
12
Suppose -2*g - g - 15 = 0. Let v be ((-4)/(-2))/(-1 - 0). Let k be ((-12)/(-3))/(v/g). What is the greatest common divisor of 50 and k?
10
Let w(i) be the first derivative of -133*i**2 - i - 3. Let y be w(1). Let g = y + 377. Calculate the greatest common factor of 10 and g.
10
Suppose -17*